f 36?
True
Is 22 a factor of 10446?
False
Does 74 divide 1258?
True
Is 12 a factor of 152?
False
Is 5 a factor of 920?
True
Is 3026 a multiple of 17?
True
Is 52 a factor of 780?
True
Does 177 divide 38187?
False
Is 1238 a multiple of 7?
False
Is 12 a factor of 48?
True
Is 2813 a multiple of 54?
False
Is 6293 a multiple of 27?
False
Is 13440 a multiple of 5?
True
Does 124 divide 3805?
False
Does 58 divide 4002?
True
Is 6 a factor of 5835?
False
Is 39 a multiple of 21?
False
Does 10 divide 100449?
False
Is 44 a factor of 60167?
False
Does 41 divide 1107?
True
Does 104 divide 4494?
False
Does 7 divide 455?
True
Does 71 divide 7171?
True
Is 53 a factor of 29003?
False
Is 4482 a multiple of 9?
True
Is 43 a factor of 9320?
False
Is 129 a factor of 40063?
False
Is 9 a factor of 19629?
True
Does 27 divide 6156?
True
Is 75 a factor of 9300?
True
Does 21 divide 3486?
True
Does 12 divide 1308?
True
Does 29 divide 8526?
True
Does 102 divide 1703?
False
Is 559 a multiple of 32?
False
Does 10 divide 19010?
True
Does 3 divide 339?
True
Is 26 a factor of 2764?
False
Does 59 divide 1357?
True
Is 27737 a multiple of 38?
False
Is 5147 a multiple of 159?
False
Does 51 divide 7140?
True
Does 10 divide 4109?
False
Is 17 a factor of 1870?
True
Does 79 divide 8690?
True
Is 58 a factor of 174?
True
Is 2200 a multiple of 10?
True
Does 13 divide 1918?
False
Is 12 a factor of 47686?
False
Is 2522 a multiple of 63?
False
Is 10416 a multiple of 4?
True
Is 1054 a multiple of 20?
False
Does 19 divide 15922?
True
Is 9 a factor of 3915?
True
Does 56 divide 426?
False
Does 6 divide 318?
True
Is 21986 a multiple of 164?
False
Is 13 a factor of 35919?
True
Is 5 a factor of 90?
True
Is 1473 a multiple of 10?
False
Is 33 a factor of 43758?
True
Is 6774 a multiple of 58?
False
Does 10 divide 10753?
False
Is 3850 a multiple of 55?
True
Is 92789 a multiple of 10?
False
Does 18 divide 105451?
False
Is 76 a factor of 9196?
True
Is 10 a factor of 3120?
True
Does 156 divide 48360?
True
Is 96 a factor of 864?
True
Is 5015 a multiple of 18?
False
Is 5 a factor of 13?
False
Is 62 a factor of 806?
True
Is 144 a multiple of 8?
True
Is 15150 a multiple of 6?
True
Does 55 divide 550?
True
Is 9 a factor of 9786?
False
Does 10 divide 1075?
False
Does 23 divide 18147?
True
Is 34567 a multiple of 29?
False
Is 10 a factor of 260?
True
Is 99 a factor of 4620?
False
Is 470 a multiple of 29?
False
Is 9 a factor of 3514?
False
Is 12368 a multiple of 14?
False
Is 6 a factor of 7587?
False
Is 5439 a multiple of 111?
True
Does 18 divide 558?
True
Does 4 divide 47?
False
Is 135462 a multiple of 461?
False
Does 144 divide 26311?
False
Does 48 divide 1728?
True
Is 15 a factor of 12600?
True
Does 20 divide 3740?
True
Is 36 a factor of 9864?
True
Is 7 a factor of 2786?
True
Is 52356 a multiple of 55?
False
Is 5863 a multiple of 13?
True
Is 6 a factor of 114?
True
Is 298 a multiple of 10?
False
Is 1462 a multiple of 43?
True
Does 4 divide 664?
True
Does 8 divide 2000?
True
Is 15 a factor of 1290?
True
Does 30 divide 233?
False
Is 11358 a multiple of 9?
True
Is 243 a multiple of 9?
True
Is 12365 a multiple of 19?
False
Is 44 a factor of 5588?
True
Is 16 a factor of 2224?
True
Does 188 divide 129368?
False
Is 8163 a multiple of 85?
False
Is 1167 a multiple of 129?
False
Is 833 a multiple of 17?
True
Is 11791 a multiple of 84?
False
Is 20 a factor of 134?
False
Does 279 divide 37107?
True
Does 11 divide 147?
False
Is 8 a factor of 399?
False
Is 584 a multiple of 25?
False
Does 15 divide 29265?
True
Is 3 a factor of 158?
False
Is 9981 a multiple of 4?
False
Is 1333 a multiple of 32?
False
Does 2 divide 1808?
True
Is 6622 a multiple of 22?
True
Is 34 a factor of 52122?
True
Does 115 divide 55545?
True
Is 1243 a multiple of 11?
True
Is 2344 a multiple of 127?
False
Does 5 divide 1896?
False
Does 21 divide 672?
True
Does 28 divide 1870?
False
Is 2160 a multiple of 48?
True
Is 39 a factor of 148?
False
Is 112 a factor of 274?
False
Is 52 a factor of 18564?
True
Is 6 a factor of 1434?
True
Is 14 a factor of 7084?
True
Does 5 divide 4680?
True
Is 324 a multiple of 6?
True
Does 29 divide 13311?
True
Is 11 a factor of 11250?
False
Is 27347 a multiple of 41?
True
Is 21 a factor of 252?
True
Is 43 a multiple of 4?
False
Is 18987 a multiple of 40?
False
Is 60717 a multiple of 37?
True
Is 154 a factor of 1540?
True
Is 94 a factor of 135169?
False
Is 92 a factor of 1288?
True
Is 46 a factor of 39680?
False
Is 8 a factor of 153?
False
Is 186 a multiple of 20?
False
Is 443 a multiple of 10?
False
Is 127 a multiple of 3?
False
Does 17 divide 221?
True
Is 22 a factor of 1335?
False
Is 31 a factor of 571?
False
Is 132 a factor of 2460?
False
Is 7571 a multiple of 14?
False
Is 2 a factor of 36?
True
Is 1825 a multiple of 35?
False
Is 6121 a multiple of 11?
False
Is 4768 a multiple of 32?
True
Is 62 a multiple of 24?
False
Is 133 a factor of 22752?
False
Does 31 divide 1085?
True
Does 9 divide 5409?
True
Does 13 divide 30563?
True
Is 1155 a multiple of 7?
True
Does 24 divide 336?
True
Is 137829 a multiple of 78?
False
Is 50 a multiple of 11?
False
Does 11 divide 76450?
True
Is 2974 a multiple of 9?
False
Does 17 divide 35195?
False
Is 1235 a multiple of 65?
True
Is 17609 a multiple of 84?
False
Is 19169 a multiple of 24?
False
Does 25 divide 26575?
True
Does 8 divide 199?
False
Does 19 divide 5035?
True
Is 14 a factor of 9198?
True
Is 22426 a multiple of 34?
False
Is 3133 a multiple of 75?
False
Is 78132 a multiple of 15?
False
Is 256 a multiple of 57?
False
Is 396 a multiple of 9?
True
Is 29 a factor of 47508?
False
Is 10 a factor of 755?
False
Is 19 a factor of 1995?
True
Is 31 a factor of 537?
False
Does 19 divide 55786?
False
Does 5 divide 181?
False
Is 20145 a multiple of 17?
True
Does 21 divide 44772?
True
Does 9 divide 6075?
True
Does 13 divide 1711?
False
Is 4800 a multiple of 20?
True
Is 61 a factor of 15372?
True
Is 71325 a multiple of 28?
False
Is 57 a factor of 381?
False
Does 10 divide 725?
False
Is 13 a factor of 3228?
False
Is 2275 a multiple of 65?
True
Does 14 divide 69?
False
Is 12 a factor of 7055?
False
Is 420 a multiple of 8?
False
Is 188 a factor of 26540?
False
Is 2 a factor of 203?
False
Is 384 a multiple of 11?
False
Is 48 a factor of 6293?
False
Is 9 a factor of 1242?
True
Does 55 divide 770?
True
Is 629 a multiple of 17?
True
Does 3 divide 8745?
True
Does 6 divide 174?
True
Is 462 a multiple of 6?
True
Does 4 divide 225?
False
Does 5 divide 570?
True
Does 46 divide 7575?
False
Does 60 divide 1292?
False
Is 83434 a multiple of 211?
False
Is 5782 a multiple of 49?
True
Does 20 divide 1740?
True
Is 9 a factor of 1143?
True
Is 4877 a multiple of 52?
False
Does 25 divide 2891?
False
Is 4797 a multiple of 123?
True
Does 141 divide 3102?
True
Does 70 divide 4204?
False
Is 6 a factor of 369?
False
Is 6186 a multiple of 18?
False
Does 3 divide 493?
False
Is 33 a factor of 701?
False
Is 370 a multiple of 37?
True
Does 11 divide 605?
True
Is 2 a factor of 72?
True
Is 18 a factor of 111815?
False
Is 8 a factor of 2840?
True
Is 8 a factor of 4040?
True
Is 38 a factor of 2204?
True
Is 23 a factor of 50061?
False
Is 32 a factor of 4012?
False
Does 45 divide 3195?
True
Is 25 a factor of 575?
True
Does 19 divide 17936?
True
Is 15660 a multiple of 15?
True
Is 45 a factor of 45?
True
Does 50 divide 43086?
False
Is 14742 a multiple of 14?
True
Is 14377 a multiple of 11?
True
Does 14 divide 2170?
True
Does 16 divide 5328?
True
Does 16 divide 6959?
False
Is 5253 a multiple of 3?
True
Is 3185 a multiple of 35?
True
Does 3 divide 1183?
False
Is 2 a factor of 9231?
False
Is 16 a factor of 26816?
True
Is 3 a factor of 285?
True
Does 7 divide 56?
True
Is 16 a factor of 26773?
False
Is 3979 a multiple of 13?
False
Is 7545 a multiple of 15?
True
Does 5 divide 39650?
True
Is 3846 a multiple of 50?
False
Does 254 divide 68733?
False
Is 8430 a multiple of 15?
True
Is 10277 a multiple of 100?
False
Is 10080 a multiple of 27?
False
Does 84 divide 4704?
True
Does 11 divide 82016?
True
Does 37 divide 317?
False
Is 3 a factor of 182?
False
Is 11214 a multiple of 18?
True
Does 7 divide 2506?
True
Is 94 a multiple of 8?
False
Is 2452 a multiple of 20?
False
Is 23 a factor of 29036?
False
Is 48 a multiple of 3?
True
Is 6 a factor of 15044?
Fals